pose -5*p = -s + 292, -9*s - 4*p = -4*s - 1489. List the prime factors of s.
3, 11
Let v(m) = -2*m - 4. Suppose 2*n + 3 + 1 = 0. Let y be v(n). Suppose y = -5*d + 60 + 265. List the prime factors of d.
5, 13
Suppose -11*b + 565 + 23954 = 0. What are the prime factors of b?
3, 743
Let z = 25 - 33. List the prime factors of z/12*1356/8*-1.
113
Let a(c) = c**3 - 2*c**2 - 2*c - 4. Let p be a(4). Suppose p = o - 22. List the prime factors of o.
2, 3, 7
Let r(y) = y**3 - 8*y**2 + 7*y + 4. Let l be r(7). Let f = l - -36. Suppose -f - 24 = -2*b. List the prime factors of b.
2
What are the prime factors of 2 - 4/(-1) - 20888/(-14)?
2, 7, 107
Let m be (-21)/(-5) - (-2)/(-10). Suppose -3*p + 7 = -m*v, -4*v = -p + 5 - 0. Let a(f) = 11*f**2 + f. What are the prime factors of a(p)?
2, 3
Suppose 0 = 5*s + r + 84, s + 68 = -4*s + 3*r. List the prime factors of 8/s - (-57)/2.
2, 7
Let p be (-7392)/(-80) + (-4)/10. Suppose -f + u + 56 = -4*f, 0 = 5*f + 2*u + p. Let l = f - -22. List the prime factors of l.
2
Let t(c) = -c**2 - c + 15. Let d be t(3). What are the prime factors of 538*d/12 - (-6)/12?
3, 5
Suppose -f = -1, 3 = k - 5*f + 5. Let g(x) = 2*x - 7. Let a be g(k). List the prime factors of (-1*(-6)/(-2))/a.
3
Let b = -15 - -71. Suppose 0 = p + 3*p - b. Suppose p = -5*w + 44. What are the prime factors of w?
2, 3
Let n(x) = -x**3 + x**2 + 4*x - 4. Let r be n(-4). What are the prime factors of (r/(-8))/(4/(-88)*1)?
3, 5, 11
Let n(o) = 2*o**2 + 3*o. Let a be n(-2). Let f be (-175)/(-30) + a/12. Suppose -3*v - 9 = 0, j + 2*v - f - 26 = 0. What are the prime factors of j?
2, 19
Suppose -3*r = 5*l + 56 + 30, -56 = 2*r + 2*l. Let u = -19 - r. Suppose g + 12 = -0*g - 4*n, -2*g - 4*n = u. What are the prime factors of g?
2
Let a(k) = 25*k - 17. Let r be a(10). Let w = -136 + r. What are the prime factors of w?
97
Suppose 3*d + 214 + 227 = 0. Let r be (-5)/(-20) + d/12. What are the prime factors of 35 + (-8)/r*-3?
3, 11
What are the prime factors of (-4)/(-16) - (7532/(-16) + 1)?
2, 5, 47
Suppose 0 = -3*v - 2*v + 20. Suppose v + 1 = x, -3*x - 209 = 4*h. Let o = h - -102. What are the prime factors of o?
2, 23
List the prime factors of -5 + 6052/14 + 2/(-7).
7, 61
Suppose -2*c = -4*c - 4*l + 554, 1068 = 4*c - 2*l. What are the prime factors of c?
269
Suppose 2607 + 1153 = 5*x. List the prime factors of x.
2, 47
Suppose -2*a + 5 = -1. Suppose 0 = -a*g + 3*c + 33, 5*g - 12 = c + 47. What are the prime factors of g?
2, 3
Let g = 30 - 19. List the prime factors of (-3 + 1)*(-143)/g.
2, 13
Let f = -68 - -58. Let t = 112 + f. What are the prime factors of t?
2, 3, 17
Suppose -2*v = l - 16, 5*v + l + 4*l - 45 = 0. Suppose 0 = z - 2*n - 8, v = -5*z - 3*n - 5. Suppose 28 = p - z*p. List the prime factors of p.
2, 7
Suppose -4*b = 3*s - 333, 5*b - s - 3*s = 393. Let k = b + -37. List the prime factors of k.
2, 11
Suppose -c = 1, 6*t - 2*c = t + 897. What are the prime factors of t?
179
Let d = 25 - 30. Let r(i) = -i**3 - 4*i**2 + 5*i + 2. Let l be r(d). What are the prime factors of l/(-2)*(17 + -68)?
3, 17
Suppose k - 2*o + 12 = 0, -2*k = 2*k + 4*o + 96. Let p be (k/(-15))/(2/30). Suppose -4*x = 3*n - p, 0 = -2*n + 3*x + 2. What are the prime factors of n?
2
Let f be -9*(3 - -1 - 1). Let j = -33 - f. List the prime factors of (-11)/((-15)/j + -3).
2, 11
What are the prime factors of (90 - 90) + (-2)/((-4)/126)?
3, 7
Let g(l) = 89*l + 58. What are the prime factors of g(3)?
5, 13
Suppose 3*w + 4*k = -0*w + 857, -5*w = -4*k - 1439. What are the prime factors of w?
7, 41
Suppose 0*y = -3*c - 2*y + 568, -2*y = 8. Let w = c - 128. What are the prime factors of w?
2
Suppose -898 = -2*h - 3*o, -448 = -4*h + 3*h - 2*o. What are the prime factors of h?
2, 113
Let l = -16 + 13. Let k be 201/(-3)*l/3. Suppose -4*z = 4*c - 3*c - 102, -3*z + 4*c = -k. What are the prime factors of z?
5
Suppose -4*f - 3*r + 128 = 0, -5*f + r + 16 + 144 = 0. Let y = f + -19. List the prime factors of y.
13
Suppose 0 = f + 5*z, 10*z = 4*f + 5*z - 25. Suppose 756 = 4*m + f*a, 2*a = 6*m - m - 945. List the prime factors of m.
3, 7
Suppose 5*o + 3*s - 419 = -0*s, -2*o + 170 = 2*s. Suppose -o = u - 247. What are the prime factors of u?
3, 5, 11
Suppose 3*m + 8*x - 5*x = 5682, 2*m = -3*x + 3789. List the prime factors of m.
3, 631
List the prime factors of -3*(-2)/9 + (-93280)/(-66).
2, 7, 101
Let o = -42 + 64. Let p = -20 + o. Suppose -p = -d + 23. What are the prime factors of d?
5
Suppose 65*y - 14028 = 59*y. What are the prime factors of y?
2, 7, 167
Suppose 2*c - 2*v = 284 + 200, -5*c + 1210 = -2*v. List the prime factors of c.
2, 11
Let b be (-27)/(-6)*104/(-6). What are the prime factors of (8*(-12)/(-8))/((-9)/b)?
2, 13
Let s = -10 + -64. Suppose -6*p + 12 = -9*p. List the prime factors of (-2)/p*-6 - s.
71
Suppose 29*b + 15*b - 166188 = 0. What are the prime factors of b?
3, 1259
Suppose -20*z = -22*z + 6. List the prime factors of z.
3
Let m(q) = -q**3 - q**2. Let c be m(-3). Suppose -2*b - b = -2*p - 14, c = 5*b + 2*p. Suppose o = 4*j + 5, 4*j - 3 = -b*o + 17. What are the prime factors of o?
5
Let j = -9 + 13. Suppose -j = -f - 10. What are the prime factors of (-1)/(-3) - 124/f?
3, 7
Let b(s) = -7*s**3 + 4*s**2 + 3*s - 2. Let c(x) = -x**3 + x. Let q(t) = -b(t) + 6*c(t). Let l be q(3). Suppose 3 = l*v - 33. List the prime factors of v.
2, 3
Let f be 876/(-10) - (-6)/10. Let m = f - -146. Let v = -19 + m. What are the prime factors of v?
2, 5
Let h(q) = 5*q**3 + 85*q**2 - 13*q - 14. List the prime factors of h(-17).
3, 23
Let k = -16 + 30. List the prime factors of 2/7 + 514/k.
37
Let h(r) = -r**2 + 16*r - 11. Let o(a) = -a**2 + 8*a - 7. Let n be o(6). Let b be h(n). Suppose -y = -b + 4. List the prime factors of y.
2, 5
Suppose -4*f - f + 10 = 0. Let t(b) = 1 - 2 - 5*b**2 - f - 6*b - 2 + b**3. What are the prime factors of t(7)?
3, 17
Let c be (0 + 0)/2 - (-8 + 11). What are the prime factors of 1 + (14 - (-6)/c)?
13
Let x(t) = 2*t**3 + 6*t**2 - 8*t - 5. Let g be x(-4). List the prime factors of 100/6*g/((-30)/18).
2, 5
Let s = -10 + 1. Let r be ((-6)/(-4))/(s/(-12)). Suppose r*n - 5*n - h = -42, 3*n + 2*h = 45. What are the prime factors of n?
13
Let h = -20 + 23. Suppose 4*j = 5*u + 73, h*u + 1 = -14. List the prime factors of j.
2, 3
Suppose 5*p = 2*f + 345, p + 0*p - 3*f = 56. Let m = p - -50. List the prime factors of m.
11
What are the prime factors of 371 + ((-110)/(-66))/(1/(-3))?
2, 3, 61
Let m = -27 - 71. Let v be 56/m - 32/(-7). Let c(h) = 16*h - 8. List the prime factors of c(v).
2, 7
Let f(p) = 2*p**2 + 13*p + 12. Let u be f(-8). Let l = u - 30. What are the prime factors of l?
2, 3
Suppose -3192 = 46*g - 48*g - 4*c, 3*g - 5*c - 4733 = 0. What are the prime factors of g?
2, 13, 61
Let r(c) = 19*c**2 + 0*c**3 + c**3 - 15*c - 2*c**3 + 1 - 16. List the prime factors of r(18).
3, 13
Suppose 0 = 4*f - 0 - 4. Let o be (-2)/(-4)*(58 + 2)*-1. What are the prime factors of ((-10)/o)/(f/66)?
2, 11
Suppose -16 = -a + 4*d, -3*d = a - 5*a + 12. Let k = a - -59. What are the prime factors of k?
59
Let w(l) = -l**3 + l**2 + 25. Let c be w(0). Suppose 7*y = 2*y + c. Suppose k - 96 = -3*k + 2*n, 0 = 4*k + y*n - 82. What are the prime factors of k?
23
Let r(q) = 647*q**3 + 7*q**2 - 6*q. List the prime factors of r(1).
2, 3
Let y be 70/(-8) + 3*3/12. List the prime factors of (-130)/(-20)*y/(-2).
2, 13
Let u(l) = 52*l**2 + l + 807. What are the prime factors of u(0)?
3, 269
Let t(y) = y**3 - 50*y**2 + 54*y + 143. List the prime factors of t(49).
2, 97
Let j be (-10)/25 - (-36)/15. List the prime factors of j/5 + ((-5412)/(-20) - 7).
2, 3, 11
Let s = 530 + 480. List the prime factors of s.
2, 5, 101
List the prime factors of (-83)/(-2)*-2*(-4 + 1).
3, 83
Let k = 2761 - -122. List the prime factors of k.
3, 31
Let g = -9 - -12. Let i be 2 - (2 - (g + 39)). Suppose -5*f = -73 - i. List the prime factors of f.
23
Suppose -g = -13 - 5. Let f be (-2)/(-12) + 51/g. Suppose 0 = -v - f*v - 5*t + 196, v + 4*t - 49 = 0. What are the prime factors of v?
7
Suppose 4*u + 67 - 436 = -5*w, -5*w + 366 = u. List the prime factors of w.
73
Let i(f) = -f**3 - 32. Let u be i(0). Suppose 5*d = -216 - 79. Let o = u - d. List the prime factors of o.
3
Let x = -22 + 30. Let q(p) = -x*p + 0*p + 4 - 3*p - p**2. What are the p